61/d + (-2)/(-9) a composite number?
False
Suppose -3*t + 14277 = 3*l, -3*t + 2*t = -l - 4763. Let i = t - 1328. Is i a composite number?
False
Let o = -5715 + 9517. Suppose -2*h + 3802 = -5*m, -6*h - m + o = -4*h. Is h a prime number?
True
Suppose -204*v + 7145026 = -63728858. Is v a prime number?
False
Suppose -5*m + 73503 = 2*p, 2*m + 175172 - 28226 = 4*p. Is p a composite number?
False
Is (34986 + 4)/((-16)/((-64)/8)) prime?
False
Let g be -8 - (6 + -5)/1. Let u be (-7 + 10)/(g/(-1554)). Let c = u + 173. Is c composite?
False
Suppose -876*w + 1031371 = -865*w. Is w a composite number?
False
Suppose 69*n + 119*n - 3*n = 3081730. Is n a prime number?
False
Suppose 3*o - 5*f = 59608, -3*f + 59568 = 3*o - 0*o. Suppose 2*h - 2*k - 17 = -7, -30 = -2*h - 2*k. Suppose h*t - 1879 - o = 0. Is t a composite number?
True
Suppose 2*i + j = 8275, -2*j = 5*i - 0*j - 20686. Suppose p - i = -3*k, 3*k - 3118 = -2*p + 5169. Is p composite?
True
Let o(z) = -12*z - 11. Let g be o(4). Let k = -61 - g. Let u(f) = -78*f**3 + 3*f**2 - 2*f + 1. Is u(k) a prime number?
True
Let k be (5 - 0) + 2 + -3. Let r be (k + -10)/(-1 - 1). Suppose -r*a + 3*q = -842 - 1879, -q - 3640 = -4*a. Is a prime?
True
Let x be 1/(2 - 5/3) + -11. Let f be 0/2 - (x + 6). Is f + 1 - (-1 - -2)*-808 prime?
True
Suppose -2*t = 3*z - 339792, -15*t + 12*t - 566301 = -5*z. Suppose 22*p = z + 85948. Is p a composite number?
True
Let r(d) = -d - 9. Let v be r(-11). Suppose -z - 12 = 5*x, -v = -2*z - 2*x + 5*x. Is (-5)/(-10) + 1 + (-1367)/z composite?
True
Let d = -10 + 12. Suppose -3*h + h + 33 = 5*y, -d*y + 9 = 5*h. Suppose 5*b - 44 = -3*r, -y + 1 = -2*r. Is b composite?
False
Let o = -710197 - -1209426. Is o composite?
False
Let k(h) = -h**3 - 6*h**2 - 7*h - 5. Let d be k(-5). Let p be (1 - d)/4 + 1. Suppose x - 4*f = 15, -4*x - 2*f = -p*f - 42. Is x composite?
False
Let w(s) = -s**3 - s**2 - s - 1. Let b be w(2). Is 15605/(-2)*(4 - (-72)/b) a composite number?
True
Let w(l) = 1750*l**2 + 399*l + 744. Is w(37) a prime number?
True
Let k = -183075 + 270272. Is k a composite number?
True
Suppose 0 = 5*m - 0*m - 10. Let z(d) = 347*d**2 - 4. Let k be z(m). Let f = k + -477. Is f a composite number?
False
Let l(h) = -h**2 + 2*h + 10. Let o be l(-3). Is 2460/(-24)*982/o a composite number?
True
Suppose 106*c + 2*c = -30*c + 16242738. Is c a prime number?
True
Let n(r) be the first derivative of r**4/2 + 14*r**3/3 - 4*r**2 - 3*r + 38. Is n(9) composite?
True
Let d be -6 - (7 - 16) - -11868. Suppose 2*i - d = 5455. Is i composite?
False
Let z(w) = -3*w**3 - 7*w**2 + 24*w + 59. Suppose 77 = -93*t + 86*t. Is z(t) a prime number?
False
Let b(t) = -398*t + 4. Let j(n) be the second derivative of -n**3/6 + n**2/2 + 7*n. Let s(z) = -b(z) + 2*j(z). Is s(1) a prime number?
False
Suppose -146*b - 13783079 = -193*b. Is b composite?
False
Let y(c) = 773*c**2 - 8*c. Let t be y(2). Is 5/(((-2)/t)/(17/(-34))) a prime number?
False
Let j(a) be the second derivative of 19*a**3/6 + 4*a**2 - 2*a - 35. Is j(26) a composite number?
True
Let t be (-1)/((-6373)/3187 - -2). Suppose 21*y + 8 = 29*y. Is (-2)/(-8) + (t/(-4))/y composite?
False
Let h(m) = m**3 - 17*m**2 + 55*m - 236. Is h(25) composite?
True
Suppose 0 = -357*o + 363*o - 54. Is 4230/o*17 + 3 a prime number?
True
Let u(p) = 4596*p**2 + 25*p + 205. Is u(-6) a composite number?
False
Let m(a) = a**2 + 23*a + 51. Let z be m(-19). Suppose q + 4*q + 68 = -s, 4*s + 200 = -2*q. Let y = z - s. Is y prime?
True
Suppose -150*f - 2314506 + 310314 = -438*f. Is f a prime number?
True
Let b(z) be the third derivative of -193*z**4/24 + 8*z**3/3 - 98*z**2. Is b(-19) a composite number?
True
Let i(y) be the third derivative of 487*y**4/12 - 79*y**3/2 + 8*y**2 - 5*y. Is i(8) a composite number?
True
Let g be 21/((-12)/(-771)*(-39)/(-52)). Suppose -s + d + d = 2, 0 = -3*d + 9. Suppose s*o - 3*i - g = 2*i, -o + 452 = -2*i. Is o composite?
True
Let f(h) = 2374*h**2 - 479*h + 2953. Is f(6) a prime number?
False
Suppose 9772 + 5983 = 5*v - 5*z, 3*z - 9423 = -3*v. Suppose 0 = -2*m + 2*p + v, 7 = 3*p - 5. Is m a prime number?
False
Is 3/((2227593/2227586 - 1)*114/133) a prime number?
True
Suppose -3*b = 3*n + 135, -2*b = -2*n - 0*b - 86. Let r = n - -22. Is (r/(-8))/((-4)/(-16)) prime?
True
Let l(t) = 66*t**3 - 21*t**2 - 26*t - 173. Is l(22) a prime number?
False
Suppose 8*k = 16811 - 4035. Suppose 4*t = c + 1615, 4*t - k = -0*t - 5*c. Let z = t + -138. Is z a prime number?
False
Suppose 23*w - 14777496 = -49*w. Is w prime?
False
Let r = -517 + 102. Let h be (-64757)/(-55) + (-3)/(-5). Let j = h + r. Is j a prime number?
False
Let h(u) = 784*u**2 + 8*u - 4. Let v be h(1). Suppose v = s - 2219. Is s a composite number?
True
Let q(b) = 2*b**2 + 20*b + 31. Let r be q(-8). Is (r - 4)/(-5) + 788 a prime number?
False
Suppose -27*q + 473096 = -832921. Is q a prime number?
True
Is (-3442168)/(-20) - (-234)/90 a composite number?
True
Suppose 0 = -2*c + 20*c - 852339 - 2495139. Is c composite?
False
Suppose -9*j + 5*s - 1 = -12*j, s = 3*j - 7. Suppose j*q - 10786 = -4*u, -3*u = -31 + 16. Is q a composite number?
True
Suppose -w - 24536 = -4*j - 6*w, 16 = 4*w. Let h = -3372 + j. Is h a prime number?
False
Let y be (8 - 1) + -3 - 0. Let p(l) = -2*l + 11*l**2 + 9 + y*l + l**3 + l**3 - 3*l**2. Is p(7) a prime number?
False
Let v be ((-3)/(-2))/(72/(-48)). Let o be v/(2*(-1)/50). Suppose 115 = -2*m + 6*m - 3*x, 2*m - o = -5*x. Is m prime?
False
Suppose -77162 = -4*a + r, 72*a - 5*r + 38548 = 74*a. Is a composite?
False
Let t = 4634 + -2298. Let o = t + -960. Suppose 0*x - x = -2*h - 1371, -3*h - o = -x. Is x prime?
True
Suppose -107*b - 10367 = -106*b. Let j = -4986 - b. Is j a composite number?
False
Let s = 56 - 54. Suppose 4 = -2*t, s*y - 2*t - 2*t - 18 = 0. Suppose 0 = y*u - 8061 - 7334. Is u composite?
False
Let u(d) be the first derivative of d**4/2 + 55*d**3/3 + 13*d**2 - 16*d - 64. Is u(-25) composite?
False
Let f = 72000 + -29383. Is f prime?
False
Let w be 3 + (-3)/(-7 - 2)*-3. Suppose 22 = w*c - 2*h, -2*h + 8 + 5 = 3*c. Suppose c*a = 3*a + 1316. Is a a composite number?
True
Suppose -241*v + 243*v - 521523 = -5*r, -2*v + 5*r + 521553 = 0. Is v prime?
False
Let r(p) = 7*p**2 - 14*p - 187. Suppose 13*v + 182 = -52. Is r(v) composite?
False
Let i = 3096 + -5780. Let l = 4623 + i. Is l prime?
False
Suppose -7*k - 5412 = 4479. Let u = 2532 + k. Is u composite?
True
Let a(g) = 6*g**3 - 23*g**2 + 30*g - 95. Let t be a(23). Suppose 15*n - 25*n = -t. Is n a composite number?
False
Is (-28)/336*-3 - ((-565110)/8)/1 prime?
True
Let v = -504504 - -709715. Is v a prime number?
True
Suppose 2*y - 292761 = 3901. Is y prime?
True
Let u(g) = g**2 - 18*g - 109. Let x be u(-7). Suppose x*b = 67*b - 56777. Is b a composite number?
True
Let p = -54221 - -86628. Is p a composite number?
True
Suppose 41*k - 37*k - 4*y - 2512020 = 0, 3*y = 4*k - 2512028. Is k a composite number?
False
Let x = -4394 - -13245. Is x a prime number?
False
Let k = -72 + 27. Let r = -55 - k. Is 2/r + ((-1184)/(-20) - -3) a prime number?
False
Suppose -9222 = n - 4*b + 1519, -n - 4*b - 10757 = 0. Let g = n + 34262. Is g composite?
True
Let f = 17 + -72. Let k = f + 82. Suppose 323 = v + 3*d + k, 0 = 3*v + 3*d - 882. Is v prime?
True
Let a(x) = x**3 - 8*x + 4. Let h be a(-4). Is 8/2 - (-46877 - h) a prime number?
True
Let n(p) = 94*p**2 + 71*p - 2179. Is n(22) composite?
False
Let g be 2/(3 + -2 - 3). Let p be -3 + 3 + g + 44/4. Suppose 7204 = p*c - 6*c. Is c a composite number?
False
Let k = -510 - -510. Is (-7108 + k)*(-5 + (-165)/(-44)) a composite number?
True
Let l(z) be the first derivative of z**3/3 + 13*z**2/2 + z - 18. Let b be (-539)/35 + 6/(-10). Is l(b) a composite number?
True
Let c(o) = 100*o**2 + 26*o - 27. Let a be c(31). Suppose -27*z = -171852 - a. Is z prime?
False
Is (-4)/(4/291)*(-17 - (-20544)/(-72)) composite?
True
Suppose -9 = -3*t - 0. Suppose 2*b + t = 5*r - 7, 0 = 5*r - 5*b - 10. Suppose 2*y = 4*f - 348, -r*y = 1 + 7. Is f prime?
False
Suppose -s = -0*s - 2116. Suppose 5*l - 3230 + 835 = 0. Suppose q = s - l. Is q a composite number?
False
Let v be 11 + (3 - 6) + -4. Suppose 1000 = v*x - 996. Is x a prime number?
True
Let v be (1032/(-72))/((-1)/15). Suppose -4*p + 2133 = -v. Is p a composite number?
False
Le